{"version":"1.0","provider_name":"America Latina Vidros","provider_url":"https:\/\/americalatinavidros.ind.br\/es","author_name":"adm.americalatina","author_url":"https:\/\/americalatinavidros.ind.br\/es\/author\/adm-americalatina\/","title":"Para-brisa John Deere S430 - America Latina Vidros","type":"rich","width":600,"height":338,"html":"<blockquote class=\"wp-embedded-content\" data-secret=\"gmIGV1hvWM\"><a href=\"https:\/\/americalatinavidros.ind.br\/es\/producto\/parabrisa-john-deere-s430\/\">Parabrisas John Deere S430<\/a><\/blockquote><iframe sandbox=\"allow-scripts\" security=\"restricted\" src=\"https:\/\/americalatinavidros.ind.br\/es\/producto\/parabrisa-john-deere-s430\/embed\/#?secret=gmIGV1hvWM\" width=\"600\" height=\"338\" title=\"&#8220;Para-brisa John Deere S430&#8221; &#8212; America Latina Vidros\" data-secret=\"gmIGV1hvWM\" frameborder=\"0\" marginwidth=\"0\" marginheight=\"0\" scrolling=\"no\" class=\"wp-embedded-content\"><\/iframe><script>\n\/*! This file is auto-generated *\/\n!function(d,l){\"use strict\";l.querySelector&&d.addEventListener&&\"undefined\"!=typeof URL&&(d.wp=d.wp||{},d.wp.receiveEmbedMessage||(d.wp.receiveEmbedMessage=function(e){var t=e.data;if((t||t.secret||t.message||t.value)&&!\/[^a-zA-Z0-9]\/.test(t.secret)){for(var s,r,n,a=l.querySelectorAll('iframe[data-secret=\"'+t.secret+'\"]'),o=l.querySelectorAll('blockquote[data-secret=\"'+t.secret+'\"]'),c=new RegExp(\"^https?:$\",\"i\"),i=0;i<o.length;i++)o[i].style.display=\"none\";for(i=0;i<a.length;i++)s=a[i],e.source===s.contentWindow&&(s.removeAttribute(\"style\"),\"height\"===t.message?(1e3<(r=parseInt(t.value,10))?r=1e3:~~r<200&&(r=200),s.height=r):\"link\"===t.message&&(r=new URL(s.getAttribute(\"src\")),n=new URL(t.value),c.test(n.protocol))&&n.host===r.host&&l.activeElement===s&&(d.top.location.href=t.value))}},d.addEventListener(\"message\",d.wp.receiveEmbedMessage,!1),l.addEventListener(\"DOMContentLoaded\",function(){for(var e,t,s=l.querySelectorAll(\"iframe.wp-embedded-content\"),r=0;r<s.length;r++)(t=(e=s[r]).getAttribute(\"data-secret\"))||(t=Math.random().toString(36).substring(2,12),e.src+=\"#?secret=\"+t,e.setAttribute(\"data-secret\",t)),e.contentWindow.postMessage({message:\"ready\",secret:t},\"*\")},!1)))}(window,document);\n\/\/# sourceURL=https:\/\/americalatinavidros.ind.br\/wp-includes\/js\/wp-embed.min.js\n<\/script>","thumbnail_url":"https:\/\/americalatinavidros.ind.br\/wp-content\/uploads\/2023\/12\/IMG_3126-1.jpeg","thumbnail_width":1261,"thumbnail_height":671,"description":"Descri\u00e7\u00e3o:\u00a0\u00a0  Para-brisa laminado, curvo e serigrafado especialmente projetado para aplica\u00e7\u00e3o de cola. Am\u00e9rica latina Vidros \u00e9 refer\u00eancia no desenvolvimento e produ\u00e7\u00e3o de vidros para aplica\u00e7\u00e3o agr\u00edcola e de m\u00e1quinas pesadas, todos os vidros que oferecemos s\u00e3o desenvolvidos fabricados por n\u00f3s. Nossas pe\u00e7as s\u00e3o criadas com base em modelos originais, garantindo que n\u00e3o seja necess\u00e1ria nenhuma adapta\u00e7\u00e3o durante a instala\u00e7\u00e3o.\u00a0  Especifica\u00e7\u00f5es T\u00e9cnicas:\u00a0   Tipo: LAMINADO\u00a0  Material: Composto por duas l\u00e2minas de 3mm de vidro verde, mais uma camada de lamina\u00e7\u00e3o\u00a0  Altura: 1722 mm\u00a0  Largura: 1483 mm\u00a0  Espessura total: 7.3 mm\u00a0  Peso l\u00edquido: 37 KG\u00a0  Principais caracter\u00edsticas:\u00a0   O vidro Am\u00e9rica Latina fornece prote\u00e7\u00e3o ao operador da m\u00e1quina contra as varia\u00e7\u00f5es clim\u00e1ticas e garante uma visibilidade excepcional com o menor \u00edndice de \u00f3ptica poss\u00edvel.  Garantia:\u00a0  Garantia de transporte e contra defeitos de fabrica\u00e7\u00e3o."}

Descrição:    Para-brisa laminado, curvo e serigrafado especialmente projetado para aplicação de cola. América latina Vidros é referência no desenvolvimento e produção de vidros para aplicação agrícola e de máquinas pesadas, todos os vidros que oferecemos são desenvolvidos fabricados por nós. Nossas peças são criadas com base em modelos originais, garantindo que não seja necessária nenhuma adaptação durante a instalação.   Especificações Técnicas:    Tipo: LAMINADO   Material: Composto por duas lâminas de 3mm de vidro verde, mais uma camada de laminação   Altura: 1722 mm   Largura: 1483 mm   Espessura total: 7.3 mm   Peso líquido: 37 KG   Principais características:    O vidro América Latina fornece proteção ao operador da máquina contra as variações climáticas e garante uma visibilidade excepcional com o menor índice de óptica possível.  Garantia:   Garantia de transporte e contra defeitos de fabricação.
